on factor of o and 405?
45
Let c(l) be the third derivative of 0*l + 46*l**2 + 0 - 5/3*l**4 - 5/3*l**3. Let j be c(-4). What is the greatest common divisor of j and 100?
50
Let u be (-10)/35 + 153/21. Let p be (u - (3 + -2))/((-6)/(-36)). Let g = -161 - -269. What is the highest common divisor of g and p?
36
Let l be (-582)/8*208/(-78) - 4. Let j = l + -130. Calculate the highest common divisor of 380 and j.
20
Suppose -3*w + 9970 + 197 = -c, -c = 4*w - 13549. Let h be -2 - 4/(-3) - w/(-33). What is the greatest common divisor of 24 and h?
6
Let z = -1 + 12. Let k be (-2195)/(-35)*-1 + 2/(-7). Let p = 140 + k. What is the highest common divisor of z and p?
11
Suppose -232*b + 1410560 = -156*b. Calculate the highest common factor of b and 16.
16
Let y(t) = 2 - 14 + 19*t - 1 - 3*t. Let p be y(9). Suppose 3*m - p = 79. Calculate the highest common divisor of 10 and m.
10
Suppose -1192443 + 508426 = -296*k + 917047. What is the highest common factor of k and 18?
9
Let a be (-176)/(-24)*(-18)/(-4). Let r(y) = y**3 - 34*y**2 + 34*y - 17. Let k be r(a). Calculate the greatest common factor of k and 20.
4
Suppose -106*n = -91*n - 315. Let j(c) = 4*c. Let w be j(-7). Let z = w - -49. Calculate the highest common divisor of z and n.
21
Let o be (-495)/18*20/(-25). Let x be (-3 - -7)*o/8. What is the greatest common divisor of x and 341?
11
Let b(i) = 2*i**3 - 7*i**2 - 3*i + 9. Let a be b(6). Suppose -a = q - 311. What is the highest common divisor of q and 10?
10
Let f = 176 + -131. Let m(q) = 45*q**2 - 2*q + 4. Let h be m(2). Calculate the highest common divisor of f and h.
45
Let j be (-4)/(-3)*1*14040/2080. Let h = 20 + -56. Let m be (-2)/(-1) + (-2 - h). What is the highest common factor of m and j?
9
Suppose 2 + 8 = s + n, -5*s + 35 = 2*n. Suppose -4*h + 21 + 2 = 3*r, -4*h - s*r + 17 = 0. What is the greatest common factor of h and 20?
4
Suppose 140*m = 178*m - 89490. What is the greatest common factor of m and 15?
15
Let r be 36/2*3869/219. Calculate the highest common factor of 3604 and r.
106
Let i = 20402 - 12923. Calculate the highest common divisor of i and 54.
27
Suppose -4*j = v - 322, -2*v + 84 = 2*j - j. Suppose -2556 = -2*w + 4*t - 480, -4*w + 4159 = -t. Calculate the greatest common factor of w and j.
80
Suppose -x = -6*a + 4*a + 111, -a + 2*x = -60. Calculate the highest common divisor of 5022 and a.
54
Suppose 0 = -6*c + 12649 + 1175. Suppose -22*y + 11456 = c. Let h(g) = -52*g**3 + g**2 - 1. Let p be h(-1). What is the greatest common factor of p and y?
52
Let n(i) = -38*i - 4328. Let w be n(-121). What is the greatest common factor of 25785 and w?
135
Suppose -11*r + 4812 + 6693 = -9659. What is the highest common factor of r and 52?
52
Let r(i) = 11*i + 102. Let o be r(-9). Suppose 2*z + o*w + 55 = 3*z, 3*z + 2*w = 121. Suppose 2*d = d + 387. Calculate the highest common factor of d and z.
43
Let v = 135671 - 135293. Suppose 0 = t - 29 - 13. What is the highest common factor of v and t?
42
Let q(j) = 3*j**2 + 5*j - 2. Let y be q(5). Calculate the highest common divisor of y and 70.
14
Let v = 8 - 5. Suppose 5*c + 5*y = 150, -v*y + 85 = 3*c + y. Let h = -3680 + 3685. Calculate the highest common factor of c and h.
5
Let j = -5 + 8. Suppose -4*y - 3*u = -557, u + 291 = -j*y + 5*y. Let w be 144/(-64) + (7 - 792/(-96)). What is the highest common divisor of y and w?
13
Suppose -5*r + 561 = 3*p, -5*r + 185 + 2 = p. Suppose g - 209 = p. Suppose -g = -11*x - 0*x. Calculate the greatest common factor of 12 and x.
12
Suppose -541*t = -526*t - 21045. Calculate the highest common factor of t and 305.
61
Let o(y) = -7*y**3 + 45*y**2 - 15*y + 4. Let z be o(6). Calculate the highest common divisor of 6039 and z.
11
Let x be ((-980)/(-210))/(2/4962). Suppose 20*v - x = 2662. What is the greatest common factor of v and 8?
8
Suppose -f = -32 + 33, 0 = -4*z + 5*f - 3. Let v be (-95310)/(-162) + z/6. What is the greatest common divisor of 42 and v?
42
Let k be 1/((-2)/12)*21. Let o be ((-318)/265)/((-6)/(-15)). Let u be (-12054)/k + 1/(o/2). Calculate the greatest common divisor of 38 and u.
19
Suppose -124 + 1069 = 53*v - 221. Let s be -1 + 1 - 594/(-2). Calculate the greatest common factor of v and s.
11
Let f(n) = 164*n + 3588. Let l be f(-20). What is the greatest common factor of l and 420?
28
Let v = 349 + -348. Let i be 15 - -6*(-3)/18*v. What is the greatest common factor of 21 and i?
7
Let b be 7/((-35)/(-2370))*(-4)/(-12)*41. What is the highest common factor of b and 82?
82
Let o(k) = -20*k + 1624. Let u be o(81). Suppose 0 = j + 2*j. Suppose j = u*n + a - 0*a - 233, 3*a + 99 = 2*n. What is the greatest common divisor of 19 and n?
19
Let t be 107058/35 - 490/175. What is the highest common factor of 955 and t?
191
Let z be 2 - (-39)/(-21) - (-442)/91. Suppose 3*k = 8*k - z*f - 90, -5*f = 25. Let p = -270 + 413. Calculate the highest common factor of k and p.
13
Suppose -138 = -3*w - 3*y + 249, 3*y + 129 = w. Let a be w/6 - (-1)/(-2). What is the greatest common divisor of 6 and a?
3
Let y(b) = -2*b - 5. Let a be y(8). Let s(n) = -n**3 + 6*n**2 - 4*n - 6. Let t be s(6). Let o = a - t. Calculate the greatest common factor of 6 and o.
3
Suppose -2*v - 120 = -14*v. Let b be v*2*567/135. Calculate the highest common divisor of b and 28.
28
Let n = -2665 + 1449. Let t be 4/(-5) - n/95. What is the highest common factor of 288 and t?
12
Let a(c) = -c + 31. Let i be a(-12). Let j(n) = n - 35. Let d be j(i). What is the greatest common divisor of d and 536?
8
Let y = -39 - -17. Let f be 15 + -1 - (y + 24). Calculate the greatest common factor of f and 132.
12
Let n be 948/3 + 2 + 1. Let o(w) = w**3 + 21*w**2 + 73*w + 49. Let v be o(-4). Calculate the highest common divisor of v and n.
29
Let b be 1004*1 + (-54)/(-72)*(-16)/4. What is the highest common divisor of b and 455?
91
Suppose 5 - 10 = -5*q. Let u be 10/55 - -3*4/(-66). Suppose -3*y - 8 = -5*g - 33, -y - 5*g - 5 = u. Calculate the highest common divisor of y and q.
1
Suppose -5 = -4*i + 51. Suppose 2*v - 3 + 47 = 6*s, -5*s - 4*v = -31. Calculate the greatest common divisor of s and i.
7
Let r = 41 - 36. Let u be 18 - (7 - (-3 + r)). Let n = -170 + 274. Calculate the greatest common divisor of n and u.
13
Let s(d) = 6*d**2 + 7*d - 50. Let v be s(7). Suppose -v = -6*t + 187. What is the greatest common factor of 40 and t?
40
Let j(w) = 11*w**3 - 4*w**2 + w. Let k be j(1). Suppose -3*d = 5*z - 40, -3*z - 71 + k = -4*d. What is the highest common divisor of 60 and d?
15
Let u be 9/9 - 1/(3/(-1542)). Suppose -5*s + k + k - u = 0, 103 = -s - 5*k. Let i = -67 - s. Calculate the highest common factor of i and 12.
12
Suppose 4*d - 6*d = -5*x + 49, x - 8 = d. Let u(a) = 4*a - 40. Let i be u(x). Suppose -2*q = -3*q + 16. Calculate the greatest common factor of i and q.
4
Let g be (11/(-5))/(4/(-1660)). Calculate the greatest common factor of g and 22.
11
Let c = -1616 + 1745. Calculate the highest common factor of c and 3397.
43
Let s = -25 + 35. Suppose d - 660 = -s*d. What is the greatest common factor of 12 and d?
12
Let f be 2046/(-124)*28/(-3). What is the greatest common factor of 434 and f?
14
Let t = -311 - -13685. What is the highest common divisor of 36 and t?
18
Let a = 3166 + -3164. What is the greatest common divisor of a and 178?
2
Let v be (6*-65)/(-1) + 0. Suppose 7*g = 2*g + v. Suppose 0 = -f + 4*p + 963 - 883, -5*f - 2*p = -246. What is the highest common divisor of f and g?
26
Suppose -5624 = -352*p + 278*p. What is the highest common factor of p and 64?
4
Suppose -3 = -118*l + 117*l. Let x(h) = -2*h + 8. Let g be x(l). What is the greatest common divisor of 2 and g?
2
Suppose -4*q + y = -925, y = -5*q + 887 + 258. Calculate the greatest common divisor of 506 and q.
46
Let y = 698 - -394. What is the greatest common divisor of 7 and y?
7
Let p(h) = 6*h - 9. Let s = -62 + 69. Let c be p(s). Let n be (-1)/(3/(-18)*2). Calculate the greatest common factor of n and c.
3
Suppose 5*j = 4*j + 3. Suppose j*z + 8 = 32. Suppose -27*u + z = -25*u. Calculate the highest common divisor of 32 and u.
4
Suppose -23*n + 506480 = 34*n - 5*n. What is the highest common factor of 20 and n?
20
Suppose 4*x - 17 - 7 = 0. Suppose -42 = -x*o - 12. Suppose h - 3*d - 67 = 0, o*h = -8*d + 3*d + 355. Calcu